the tens digit of ((-340)/(-105) - 4/7)*99?
6
Suppose -7 = -2*z - 3*h, -2*z + 2 = -h - 1. Let k be 0/(-1 + 2 - 3). Suppose -a + z*a + o - 13 = k, -a + 43 = -5*o. What is the tens digit of a?
1
Let x(m) = m**2 - 6*m - 3. What is the tens digit of x(10)?
3
Suppose 0 = -3*g - 2*g + 15. Suppose -4*v - g*b = -b - 168, 0 = 5*b. Suppose -2*x + 47 = 5*o, 2*x - 2*o + 6*o - v = 0. What is the units digit of x?
1
Suppose -a - 3*m = -85, 479 = 3*a + 2*m + 196. What is the tens digit of a?
9
Let p(n) = -n**3 + 8*n**2 - 8*n - 6. Let v be p(6). Suppose -q + v = -6. What is the units digit of q?
4
Suppose 40 = 3*p - 104. What is the tens digit of p?
4
Let n(r) = -r**3 + 5*r**2 + r. Let f be n(5). Suppose 0 = v - f*v + 28. What is the units digit of v?
7
Let i = -47 + 87. What is the units digit of i?
0
Let z(g) = -5*g**2 + 14*g - 5. Let q(y) = 2*y**2 - 7*y + 2. Let o(c) = -13*q(c) - 6*z(c). What is the units digit of o(-4)?
0
Suppose q = -5, 22 = -i - 0*i - 4*q. Let b be i + 1 - 14/(-2). Suppose b = -3*p + 5*p. What is the units digit of p?
3
Suppose 0 = 2*q - 80 - 196. What is the hundreds digit of q?
1
Suppose 2*m + p - 450 = -m, -3 = p. What is the tens digit of m?
5
Let b(h) = -5*h**2 - 1. Let a be b(-1). Let m = 9 + a. What is the units digit of m?
3
Let j(p) = 2*p**3 - 4*p**2 - 3. Suppose -s - 2 + 5 = 0. Let i be j(s). Let u = i + -5. What is the tens digit of u?
1
Let b(z) = z**3 + 8*z**2 - 22*z + 21. What is the units digit of b(-10)?
1
What is the tens digit of (1 - 1)/2 - -67?
6
Suppose 2*a + 3 + 3 = 2*v, -v + 3 = 3*a. Suppose 0 = -4*c - j + 66, 2*j + 38 = v*c - 3*j. What is the tens digit of c?
1
Suppose 0 = t - 2*g - 122, t + 2*t - 421 = -5*g. Let u = t - 91. What is the units digit of u?
1
Let h = -3 - -8. Suppose 4*j = -n + 9 - 22, 0 = -n - h*j - 18. What is the units digit of n - -2*1/(-1)?
5
Let q(c) = -c - 1. Let k(s) = 2*s**2 + 11*s + 8. Let a(m) = k(m) + 6*q(m). Let t be a(-6). Suppose -5*y = -t + 14. What is the units digit of y?
6
Suppose -d + 5*m - 41 = -4*d, -m - 23 = -2*d. What is the tens digit of d?
1
Let a(l) = -l**3 - 7*l**2 + 7*l - 5. Let s be a(-8). Suppose z + 20 = s*z. What is the units digit of (-8)/z*(-15)/2?
6
Let y be 8/(-12) - (-88)/6. Suppose -d - 1 = -y. What is the units digit of d?
3
Suppose 0 = -5*m - 5, -t - 4*m + 3 = -4. Suppose -z + t = -14. What is the units digit of z?
5
Suppose -2*f = -220 + 40. What is the units digit of 2/(-3)*f/(-5)?
2
Let z(r) = -4*r - 6. Let g be z(-4). Suppose 57 = 3*m - 3*q, g = -5*q - 0. What is the units digit of m?
7
Let i = 1 + -1. Suppose 0 = -3*j - 2*x + 16 + 4, i = j - 4*x - 2. Suppose 6 = 3*y, 3*y = 2*g + y - j. What is the units digit of g?
5
Let d be (-2)/(7/((-2142)/4)). What is the units digit of d/21 + (-2)/7?
7
Let k = 132 - 101. What is the units digit of k?
1
Suppose -2*n + 5*g = 3, -5*n = -8*g + 3*g + 15. Let r be (1 + 9/(-6))*n. Suppose -14 = -r*a - 0*a. What is the units digit of a?
7
Let d be (-72)/16*(-2 + 0). What is the units digit of 1*17 - (-8 + d)?
6
Suppose -4*j - 4*t = -1360, 0*t = 5*t + 25. What is the units digit of j?
5
Suppose w - 11 = -n + 5*n, 0 = 5*w + 25. Let z be (n - -1)/((-12)/16). Suppose -v + 4 = 2*a + v, 5*a - 13 = -z*v. What is the units digit of a?
5
Let v be 2/2*(3 + 2). Suppose 0 - 90 = -v*x. Suppose 0 = 5*n - x - 12. What is the units digit of n?
6
Suppose 0 = -2*w - 4*a - 6, w = 2*a + 3*a - 10. Let d be (-8)/(-10)*(0 - w). Suppose 4*y + 12 = 0, 7*r = d*r + y + 21. What is the units digit of r?
6
Let h be -10*(3 - 5/2). Let n = h + 7. What is the units digit of n?
2
Let m(g) = 2*g**2 - 2*g + 2. Let v be m(3). Suppose 3*k = 68 - v. What is the tens digit of k?
1
Suppose -a + 5*k = -77, 2*k + k = -3*a + 159. What is the units digit of a?
7
Let u(m) = m**3 - 2*m**2 - 2*m - 1. Let d be u(-1). What is the units digit of 74/4 + (-1)/d?
9
Let k = 12 + 7. What is the units digit of k?
9
Suppose g + 6*w = 3*w - 1, 3*g - 3*w + 39 = 0. Let c be (-12)/(-9)*(-4 + 1). Let p = c - g. What is the units digit of p?
6
Suppose -394 + 82 = -3*n - a, 5*a - 427 = -4*n. What is the tens digit of n?
0
Let u = 246 - 168. What is the tens digit of u?
7
Suppose -2*y + 3*d = -10, -4 = 2*d - 0. Suppose 0 = -4*m + 4, -y*c + 16 = -5*m - 57. Suppose 0 = 5*j - c - 11. What is the units digit of j?
0
Let m(c) = 68*c**2 - 2*c. Let v be m(3). Suppose -v = -5*o + 184. What is the units digit of (-2)/7 + o/14?
1
What is the tens digit of (1 - -3) + 0 + 88?
9
What is the units digit of 14/5 - 6/(-30)?
3
Let q(y) = 43*y**3 - y - 4. What is the units digit of q(2)?
8
Let i(z) = -7*z - 28. What is the units digit of i(-12)?
6
Suppose -2*u + 572 = 2*z, 2*z - 7*z + 25 = 0. What is the tens digit of u?
8
Let b(o) be the second derivative of o**3/3 + 4*o**2 + 2*o. Let t be b(-7). What is the tens digit of (-12)/(-7)*(-63)/t?
1
Let y(l) = l**3 - 2*l**2 - 3*l - 2. Let h(f) = f**3 - 8*f**2 + f - 4. Let d be h(8). What is the tens digit of y(d)?
1
Let z(m) = -m - 3. Let b be z(-5). What is the tens digit of (10 + 1)/(b/2)?
1
Suppose 20 = 4*w, 0*w + 47 = 4*u - w. Let f = u + -8. Suppose 3*c = 5*r + 5 + f, 0 = 2*r + 5*c - 27. What is the units digit of r?
1
Let o = 188 - 128. Suppose o = 3*d - 9. What is the units digit of d?
3
Let x = -19 - -12. Let h = x + 15. What is the units digit of h?
8
Let i(z) = 2*z - 3. Let a be i(-12). Let h = a - -64. What is the tens digit of h?
3
Let k = -2 - -5. Suppose -4*l + k*z + 2 = 0, -2*z + 22 = 5*l + 8. Suppose -l*t + 4 + 6 = 0. What is the units digit of t?
5
Let o(q) be the second derivative of -q**6/720 - q**5/30 + q**4/12 + q. Let u(v) be the third derivative of o(v). What is the units digit of u(-7)?
3
Suppose 0 = -4*c - 2*k + 28, k + 40 = c + 3*c. Suppose 4*s + 200 = c*s. What is the units digit of s?
0
Let g be 36 - (-1)/1 - 1. What is the tens digit of g*(3/2 + -1)?
1
Let b be 4/14 - (-26)/7. Suppose 4*j = -b*g + 12, -1 = -2*g - 0*j - 3*j. What is the units digit of g?
8
What is the units digit of (9 + -7)*(17 + 0)?
4
What is the units digit of (9*12*1)/((-2)/(-2))?
8
What is the tens digit of (-2 + 0 - -55) + 2?
5
Let o(f) = -7*f - 1. Let g be o(-1). Suppose -g = -4*q + 2*c, q + 2*c + 1 = 5*c. Suppose -q*k = -3*k + 17. What is the tens digit of k?
1
Suppose -2*i + 2 = -0. What is the units digit of (2/((-6)/(-9)))/i?
3
Let l(t) = t**2 - 10*t + 19. What is the hundreds digit of l(-8)?
1
Let y(z) = z + 51. Let q(h) = h - 2. Let x be q(2). What is the tens digit of y(x)?
5
Let y be -1*(2 + 0 - -1). Let q be (-2)/(-4)*-2*-1. Let z = q - y. What is the units digit of z?
4
Suppose 3*r + 49 - 7 = 0. Let s = 0 - r. What is the units digit of s?
4
Suppose 31 + 149 = 5*x. Let j = -52 + x. Let y = j - -24. What is the units digit of y?
8
Let h(d) = -d + 4. Let u be h(5). Let f(i) = -7*i + 1. Let g be f(u). Let l = -5 + g. What is the units digit of l?
3
Let d = -5 + 16. Let c = d - 1. What is the tens digit of c?
1
Let n(z) = 10*z + 6. Let h be n(-4). Let u(j) = 4*j - 4. Let k(v) = -23*v + 23. Let r(x) = h*u(x) - 6*k(x). What is the units digit of r(4)?
6
Let g = 49 - 4. What is the units digit of g?
5
Suppose 3*p = 5*q + p + 14, -5*q - 4*p = 2. Let x = -4 - q. What is the units digit of 2*(x - 7/(-2))?
3
Let m(s) = -s**3 - 2*s**2 + 2. Suppose n = -0*a - 2*a + 10, -8 = 2*n. Let u = a - 9. What is the units digit of m(u)?
2
Let s(c) = c**2 - 5*c - 1. Let z(x) = -7*x**3 - x**2 - x - 1. Suppose 2*j - 4 = 6*j. Let v be z(j). What is the units digit of s(v)?
5
Let v be (10/8)/((-3)/(-12)). Let o(m) = -m**2 + 4*m + 5. Let x be o(5). Suppose -v*z + 41 - 1 = x. What is the units digit of z?
8
Suppose -o + 4*x + 73 = 0, -2*x - 73 = o - 2*o. What is the units digit of o?
3
Let m(x) = 2*x**3 - 5*x**2 - 2*x + 9. What is the units digit of m(4)?
9
Let k = 27 - -3. Let s = -11 - -16. Suppose k = s*v + 10. What is the units digit of v?
4
Let k = -14 - -31. Suppose s = -3*t + 5*s + k, 5*s = 3*t - 19. Let n = t - -3. What is the units digit of n?
6
Suppose 0*f = -f. Suppose f = 4*d - 3*d - 16. What is the tens digit of d?
1
Suppose -4*d + 53 = -p, -287 = p + 4*p + 2*d. Let z = 85 + p. What is the units digit of z?
8
Suppose 67 = 4*x + 243. Let p = -22 - x. What is the tens digit of p?
2
What is the tens digit of (-166)/(-3) + (-6)/(-9)?
5
Suppose 5 = -4*h + 1. Let m be